{"id":253,"date":"2015-03-25T21:00:20","date_gmt":"2015-03-25T21:00:20","guid":{"rendered":"http:\/\/razonartificial.com\/themes\/reason-wp\/?page_id=253"},"modified":"2020-11-02T15:28:59","modified_gmt":"2020-11-02T15:28:59","slug":"option-1-home-default","status":"publish","type":"page","link":"https:\/\/samoprzylepne24.pl\/","title":{"rendered":"Home"},"content":{"rendered":"<section class=\"carousel-section\">\n<div id=\"carousel-example-generic\" class=\"carousel carousel-razon slide\" data-ride=\"carousel\" data-interval=\"5000\">\n<p><!-- Indicators --><!-- Wrapper for slides --><\/p>\n<div class=\"carousel-inner\">\n<div class=\"item active\">\n<div class=\"container\">\n<div class=\"row\">\n<div class=\"col-md-6 col-sm-7\">\n<div class=\"carousel-caption\">\n<div class=\"carousel-text\">\n<p>Witaj na naszej stronie<\/p>\n<h2 class=\"animated fadeInDownBig animation-delay-5 crousel-subtitle\">W naszej ofercie znajdziecie:<\/h2>\n<ul class=\"list-unstyled carousel-list\">\n<li class=\"animated bounceInLeft animation-delay-11\">papiery samoprzylepne<\/li>\n<li class=\"animated bounceInLeft animation-delay-13\">folie samoprzylepne<\/li>\n<li class=\"animated bounceInLeft animation-delay-15\">etykiety<\/li>\n<li>i wiele wi\u0119cej<\/li>\n<\/ul>\n<p class=\"animated fadeInUpBig animation-delay-17\">\n<\/div>\n<\/div>\n<\/div>\n<div class=\"col-md-6 col-sm-5 hidden-xs carousel-img-wrap\">\n<div class=\"carousel-img\"><img loading=\"lazy\" decoding=\"async\" class=\"alignnone size-medium wp-image-810\" src=\"http:\/\/wings.home.pl\/autoinstalator\/wordpress11\/wp-content\/uploads\/2018\/04\/slide1-300x280.jpg\" alt=\"\" width=\"300\" height=\"280\" srcset=\"https:\/\/samoprzylepne24.pl\/wp-content\/uploads\/2018\/04\/slide1-300x280.jpg 300w, https:\/\/samoprzylepne24.pl\/wp-content\/uploads\/2018\/04\/slide1-768x717.jpg 768w, https:\/\/samoprzylepne24.pl\/wp-content\/uploads\/2018\/04\/slide1.jpg 949w\" sizes=\"auto, (max-width: 300px) 100vw, 300px\" \/><\/div>\n<\/div>\n<\/div>\n<\/div>\n<\/div>\n<div class=\"item\">\n<div class=\"container\">\n<div class=\"row\">\n<div class=\"col-md-6 col-sm-8\">\n<div class=\"carousel-caption\">\n<div class=\"carousel-text\">\n<p class=\"animated fadeInUpBig animation-delay-17\">\n<\/div>\n<\/div>\n<\/div>\n<div class=\"col-md-6 col-sm-4 hidden-xs carousel-img-wrap\">\n<div class=\"carousel-img\"><\/div>\n<\/div>\n<\/div>\n<\/div>\n<\/div>\n<div class=\"item\">\n<div class=\"container\">\n<div class=\"row\">\n<div class=\"col-lg-6 col-md-7 col-sm-9\">\n<div class=\"carousel-caption\">\n<div class=\"carousel-text\">\n<h1 class=\"animated fadeInDownBig animation-delay-7 carousel-title\">Folie samoprzylepne<\/h1>\n<ul class=\"list-unstyled carousel-list\">\n<li class=\"animated bounceInLeft animation-delay-11\">do druku laserowego<\/li>\n<li class=\"animated bounceInLeft animation-delay-13\">do druku atramentowego<\/li>\n<\/ul>\n<p class=\"animated fadeInUpBig animation-delay-17\">Zapraszamy do zapoznania si\u0119 z nasza ofert\u0105<\/p>\n<\/div>\n<\/div>\n<\/div>\n<div class=\"col-lg-6 col-md-5 col-sm-3 hidden-xs carousel-img-wrap\">\n<div class=\"carousel-img\"><img loading=\"lazy\" decoding=\"async\" class=\"alignnone size-medium wp-image-817\" src=\"http:\/\/wings.home.pl\/autoinstalator\/wordpress11\/wp-content\/uploads\/2018\/04\/slide3-300x200.jpg\" alt=\"\" width=\"300\" height=\"200\" srcset=\"https:\/\/samoprzylepne24.pl\/wp-content\/uploads\/2018\/04\/slide3-300x200.jpg 300w, https:\/\/samoprzylepne24.pl\/wp-content\/uploads\/2018\/04\/slide3-768x512.jpg 768w, https:\/\/samoprzylepne24.pl\/wp-content\/uploads\/2018\/04\/slide3-1024x683.jpg 1024w, https:\/\/samoprzylepne24.pl\/wp-content\/uploads\/2018\/04\/slide3-360x240.jpg 360w, https:\/\/samoprzylepne24.pl\/wp-content\/uploads\/2018\/04\/slide3.jpg 1536w\" sizes=\"auto, (max-width: 300px) 100vw, 300px\" \/><\/div>\n<\/div>\n<\/div>\n<\/div>\n<\/div>\n<\/div>\n<p><!-- Controls --><\/p>\n<\/div>\n<\/section>\n<p><!-- carousel --><\/p>\n<section class=\"margin-bottom\">\n<div class=\"container\">\n<div class=\"row\">\n<div class=\"col-md-3 col-sm-6\">\n<div class=\"content-box box-default animated fadeInUp animation-delay-10\">\n<h4 class=\"content-box-title\"><a href=\"http:\/\/samoprzylepne24.pl\/?page_id=618\">Etykiety A4<\/a><\/h4>\n<p><a href=\"http:\/\/samoprzylepne24.pl\/?page_id=618\">Etykiety produkowane s\u0105 na papierach i foliach samoprzylepnych wysokiej jako\u015bci<\/a><\/p>\n<\/div>\n<\/div>\n<div class=\"col-md-3 col-sm-6\">\n<div class=\"content-box box-default animated fadeInUp animation-delay-14\">\n<h4 class=\"content-box-title\"><a href=\"http:\/\/samoprzylepne24.pl\/?page_id=873\">Folie samoprzylepne do druku<\/a><\/h4>\n<p><a href=\"http:\/\/samoprzylepne24.pl\/?page_id=873\">Folie samoprzylepne (syntetyczne) do wydruk\u00f3w laserowych, cyfrowych w kopiarkach<\/a><\/p>\n<\/div>\n<\/div>\n<div class=\"col-md-3 col-sm-6\">\n<div class=\"content-box box-default animated fadeInUp animation-delay-16\">\n<h4 class=\"content-box-title\"><a href=\"http:\/\/samoprzylepne24.pl\/?page_id=1077\">Folia plombowa VOID<\/a><\/h4>\n<p><a href=\"http:\/\/samoprzylepne24.pl\/?page_id=1077\">Folia poliestrowa srebrna, b\u0142yszcz\u0105ca, matowa, do drukarki laserowej<\/a><\/p>\n<\/div>\n<\/div>\n<div class=\"col-md-3 col-sm-6\">\n<div class=\"content-box box-default animated fadeInUp animation-delay-12\">\n<h4 class=\"content-box-title\"><a href=\"http:\/\/samoprzylepne24.pl\/?page_id=965\">Materia\u0142y specjalnego przeznaczenia<\/a><\/h4>\n<p><a href=\"http:\/\/samoprzylepne24.pl\/?page_id=965\">Welur, Papier termoprzebarwialny i inne<\/a><\/p>\n<\/div>\n<\/div>\n<\/div>\n<\/div>\n<\/section>\n<section class=\"section-lines\">\n<div class=\"container\">\n<div class=\"row\">\n<div class=\"col-md-4\">\n<div class=\"home-devices\">\n<h3>NOWO\u015a\u0106<\/h3>\n<\/div>\n<\/div>\n<div class=\"col-md-8\">\n<div class=\"tab-content\">\n<div id=\"desktop\" class=\"tab-pane active\"><img loading=\"lazy\" decoding=\"async\" class=\"alignleft wp-image-1068 size-medium\" src=\"http:\/\/samoprzylepne24.pl\/wp-content\/uploads\/2019\/01\/MATERICA-228x300.jpg\" alt=\"\" width=\"228\" height=\"300\" srcset=\"https:\/\/samoprzylepne24.pl\/wp-content\/uploads\/2019\/01\/MATERICA-228x300.jpg 228w, https:\/\/samoprzylepne24.pl\/wp-content\/uploads\/2019\/01\/MATERICA-768x1012.jpg 768w, https:\/\/samoprzylepne24.pl\/wp-content\/uploads\/2019\/01\/MATERICA-777x1024.jpg 777w\" sizes=\"auto, (max-width: 228px) 100vw, 228px\" \/><\/div>\n<div id=\"desktop\" class=\"tab-pane active\"><img loading=\"lazy\" decoding=\"async\" class=\"alignleft wp-image-1067 size-medium\" src=\"http:\/\/samoprzylepne24.pl\/wp-content\/uploads\/2019\/01\/20180130_122844-3-256x300.jpg\" alt=\"\" width=\"256\" height=\"300\" srcset=\"https:\/\/samoprzylepne24.pl\/wp-content\/uploads\/2019\/01\/20180130_122844-3-256x300.jpg 256w, https:\/\/samoprzylepne24.pl\/wp-content\/uploads\/2019\/01\/20180130_122844-3-768x902.jpg 768w, https:\/\/samoprzylepne24.pl\/wp-content\/uploads\/2019\/01\/20180130_122844-3-872x1024.jpg 872w\" sizes=\"auto, (max-width: 256px) 100vw, 256px\" \/><\/div>\n<div id=\"desktop\" class=\"tab-pane active\"><img loading=\"lazy\" decoding=\"async\" class=\"alignleft wp-image-1066 size-medium\" src=\"http:\/\/samoprzylepne24.pl\/wp-content\/uploads\/2019\/01\/20180129_143748-1-211x300.jpg\" alt=\"\" width=\"211\" height=\"300\" srcset=\"https:\/\/samoprzylepne24.pl\/wp-content\/uploads\/2019\/01\/20180129_143748-1-211x300.jpg 211w, https:\/\/samoprzylepne24.pl\/wp-content\/uploads\/2019\/01\/20180129_143748-1-768x1094.jpg 768w, https:\/\/samoprzylepne24.pl\/wp-content\/uploads\/2019\/01\/20180129_143748-1-719x1024.jpg 719w, https:\/\/samoprzylepne24.pl\/wp-content\/uploads\/2019\/01\/20180129_143748-1.jpg 1836w\" sizes=\"auto, (max-width: 211px) 100vw, 211px\" \/><\/div>\n<\/div>\n<\/div>\n<\/div>\n<\/div>\n<\/section>\n<div class=\"container\">\n<section class=\"margin-bottom\">\n<p class=\"lead lead-lg text-center primary-color margin-bottom\">\u201ePapiery Samoprzylepne Sp.J. Katowice\u201d<\/p>\n<div class=\"row\">\n<div class=\"col-md-6\">\n<h2 class=\"no-margin-top\">O nas<\/h2>\n<p>Nasza firma znajduj\u0105ca si\u0119 przy ul. Chorzowskiej 73 A w Katowicach jest firm\u0105 zajmuj\u0105c\u0105 si\u0119 sprzeda\u017c\u0105 papier\u00f3w<\/p>\n<p>oraz folii samoprzylepnych do wszelkiego rodzaju druku.<\/p>\n<p>Powstali\u015bmy w 1997 roku. Od pocz\u0105tku dzia\u0142alno\u015bci stawiamy na profesjonalizm i tworzenie przyjaznych trwa\u0142ych relacji z klientem.<\/p>\n<p>Jeste\u015bmy elastyczni i dostosowujemy si\u0119 do potrzeb klienta.<\/p>\n<\/div>\n<div class=\"col-md-6\">\n<div id=\"accordion\" class=\"panel-group\">\n<div class=\"panel panel-default\">\n<div class=\"panel-heading panel-heading-link\"><a href=\"#collapseOne\" data-toggle=\"collapse\" data-parent=\"#accordion\"><br \/>\n<i class=\"fa fa-lightbulb-o\"><\/i> Do\u015bwiadczenie<br \/>\n<\/a><\/div>\n<div id=\"collapseOne\" class=\"panel-collapse collapse in\">\n<div class=\"panel-body\">Ponad 20 lat na rynku<\/div>\n<\/div>\n<\/div>\n<div class=\"panel panel-default\">\n<div class=\"panel-heading panel-heading-link\"><a class=\"collapsed\" href=\"#collapseTwo\" data-toggle=\"collapse\" data-parent=\"#accordion\"><br \/>\nDu\u017cy wyb\u00f3r<br \/>\n<\/a><\/div>\n<div id=\"collapseTwo\" class=\"panel-collapse collapse\">\n<div class=\"panel-body\">W naszej ofercie posiadamy szerok\u0105 gam\u0119 papier\u00f3w i folii samoprzylepnych do r\u00f3\u017cnego rodzaju druku (laser, cyfra, atrament, sitodruk, offset, itp.), szeroki wyb\u00f3r etykiet samoprzylepnych wykonanych na formatach A4 jak r\u00f3wnie\u017c materia\u0142y do specjalnego zastosowania: papier samoprzylepny do g\u0142\u0119bokiego mro\u017cenie, papier samoprzylepny maskuj\u0105cy z ciemnym podk\u0142adem, welur samoprzylepny w rolce, papier samoprzylepny z mocnym klejem, folie samoprzylepne plombowe.<\/div>\n<\/div>\n<\/div>\n<div class=\"panel panel-default\">\n<div class=\"panel-heading panel-heading-link\"><a class=\"collapsed\" href=\"#collapseThree\" data-toggle=\"collapse\" data-parent=\"#accordion\"><br \/>\nJako\u015b\u0107 i wiedza<br \/>\n<\/a><\/div>\n<div id=\"collapseThree\" class=\"panel-collapse collapse\">\n<div class=\"panel-body\">Posiadamy do\u015bwiadczony zesp\u00f3\u0142<\/div>\n<\/div>\n<\/div>\n<\/div>\n<\/div>\n<\/div>\n<\/section>\n<section>\n<h2 class=\"section-title\">Polecamy<\/h2>\n<div class=\"row\">\n<div class=\"col-md-6\">\n<div class=\"bxslider-controls\"><span id=\"bx-prev5\"><\/span><br \/>\n<span id=\"bx-next5\"><\/span><\/div>\n<ul id=\"home-block\" class=\"bxslider\">\n<li>\n<blockquote class=\"blockquote-color\"><p>Zapraszamy do Naszych zaprzyja\u017anionych firm<\/p><\/blockquote>\n<\/li>\n<\/ul>\n<\/div>\n<div class=\"col-md-3 col-sm-3 col-xs-6\"><img loading=\"lazy\" decoding=\"async\" class=\"alignnone wp-image-831\" src=\"http:\/\/wings.home.pl\/autoinstalator\/wordpress11\/wp-content\/uploads\/2018\/04\/niebieski2.png\" alt=\"\" width=\"217\" height=\"41\" \/><\/div>\n<div class=\"col-md-3 col-sm-3 col-xs-6\"><img loading=\"lazy\" decoding=\"async\" class=\"alignnone wp-image-830\" src=\"http:\/\/wings.home.pl\/autoinstalator\/wordpress11\/wp-content\/uploads\/2018\/04\/logo1.png\" alt=\"\" width=\"118\" height=\"48\" \/><\/div>\n<\/div>\n<\/section>\n<\/div>\n","protected":false},"excerpt":{"rendered":"<p>Witaj na naszej stronie W naszej ofercie znajdziecie: papiery samoprzylepne folie samoprzylepne etykiety i wiele wi\u0119cej Folie samoprzylepne do druku laserowego do druku atramentowego Zapraszamy do zapoznania si\u0119 z nasza ofert\u0105 Etykiety A4 Etykiety produkowane s\u0105 na papierach i foliach samoprzylepnych wysokiej jako\u015bci Folie samoprzylepne do druku Folie samoprzylepne (syntetyczne) do wydruk\u00f3w laserowych, cyfrowych w kopiarkach Folia plombowa VOID Folia poliestrowa srebrna, b\u0142yszcz\u0105ca, matowa, do drukarki laserowej Materia\u0142y specjalnego przeznaczenia Welur, Papier termoprzebarwialny i inne NOWO\u015a\u0106 \u201ePapiery Samoprzylepne Sp.J. Katowice\u201d O nas Nasza firma znajduj\u0105ca si\u0119 przy ul. Chorzowskiej 73 A w Katowicach jest firm\u0105 zajmuj\u0105c\u0105 si\u0119 sprzeda\u017c\u0105 papier\u00f3w oraz folii samoprzylepnych do wszelkiego rodzaju druku. Powstali\u015bmy w 1997 roku. Od pocz\u0105tku dzia\u0142alno\u015bci stawiamy na profesjonalizm i tworzenie przyjaznych trwa\u0142ych relacji z klientem. Jeste\u015bmy elastyczni i dostosowujemy si\u0119 do potrzeb klienta. Do\u015bwiadczenie Ponad 20 lat na rynku Du\u017cy wyb\u00f3r W naszej ofercie posiadamy szerok\u0105 gam\u0119 papier\u00f3w i folii samoprzylepnych do r\u00f3\u017cnego rodzaju druku (laser, cyfra, atrament, sitodruk, offset, itp.), szeroki wyb\u00f3r etykiet samoprzylepnych wykonanych na formatach A4 jak r\u00f3wnie\u017c materia\u0142y do specjalnego zastosowania: papier samoprzylepny do g\u0142\u0119bokiego mro\u017cenie, papier samoprzylepny maskuj\u0105cy z ciemnym podk\u0142adem, welur samoprzylepny w rolce, papier samoprzylepny z mocnym klejem, folie samoprzylepne plombowe. Jako\u015b\u0107 i wiedza Posiadamy do\u015bwiadczony zesp\u00f3\u0142 Polecamy Zapraszamy do Naszych zaprzyja\u017anionych firm<\/p>\n","protected":false},"author":1,"featured_media":0,"parent":0,"menu_order":0,"comment_status":"open","ping_status":"open","template":"page-without-cointainer.php","meta":{"footnotes":""},"class_list":["post-253","page","type-page","status-publish","hentry"],"_links":{"self":[{"href":"https:\/\/samoprzylepne24.pl\/index.php?rest_route=\/wp\/v2\/pages\/253","targetHints":{"allow":["GET"]}}],"collection":[{"href":"https:\/\/samoprzylepne24.pl\/index.php?rest_route=\/wp\/v2\/pages"}],"about":[{"href":"https:\/\/samoprzylepne24.pl\/index.php?rest_route=\/wp\/v2\/types\/page"}],"author":[{"embeddable":true,"href":"https:\/\/samoprzylepne24.pl\/index.php?rest_route=\/wp\/v2\/users\/1"}],"replies":[{"embeddable":true,"href":"https:\/\/samoprzylepne24.pl\/index.php?rest_route=%2Fwp%2Fv2%2Fcomments&post=253"}],"version-history":[{"count":51,"href":"https:\/\/samoprzylepne24.pl\/index.php?rest_route=\/wp\/v2\/pages\/253\/revisions"}],"predecessor-version":[{"id":1105,"href":"https:\/\/samoprzylepne24.pl\/index.php?rest_route=\/wp\/v2\/pages\/253\/revisions\/1105"}],"wp:attachment":[{"href":"https:\/\/samoprzylepne24.pl\/index.php?rest_route=%2Fwp%2Fv2%2Fmedia&parent=253"}],"curies":[{"name":"wp","href":"https:\/\/api.w.org\/{rel}","templated":true}]}}